2
Calculate -10 - (-17 + (7 - 7)).
7
What is the value of 2 + 1 - 6 - -2?
-1
What is the value of -2 + -1 - (-7 + -9 + 9)?
4
What is -3 - (0 + (-2 - -5) - 2)?
-4
What is -1 + (-1 - -4) + 3 + -5?
0
Evaluate (3 - (-2 - -10)) + 2.
-3
Evaluate (0 - -1) + -2 + 3 + -5.
-3
What is -5 - (-6 + (-6 - (-3 - -1)))?
5
Calculate 3 - 7 - (-3 + 4 + -10).
5
Calculate 1 - (-2 + -3 + 3 - -2).
1
Calculate 4 + (3 - -1 - 3 - 2).
3
What is 4 + -11 + 10 + -4?
-1
What is the value of -6 + 4 + 0 - 4 - -10?
4
Calculate -18 + 17 - (-1 + 2).
-2
2 - ((-4 - (1 - 3)) + 0)
4
Calculate 0 + 16 - (-4 + 15).
5
What is (-6 - (4 - 7)) + 2?
-1
What is -6 - ((-4 - -1) + (-5 - -7))?
-5
3 + -3 + -4 - 2
-6
What is the value of 5 + -1 + (0 - -3)?
7
Calculate -2 + (-5 - -4) - (-17 - -19).
-5
What is (-20 - -13) + 1 + 1?
-5
Evaluate 0 + 9 - 10 - (-1 - 3).
3
Evaluate 4 + 0 + -5 - 2.
-3
What is the value of (0 - 5) + -8 + 10?
-3
Evaluate 0 - -1 - (-9 - -24 - 18).
4
1 + 3 + (-1 - 1) + -3
-1
3 + (-3 + 8 - 19 - -4)
-7
What is the value of 3 + -3 + 2 - (-13 + 13)?
2
What is the value of (-20 - -27) + (-2 - (0 - 0))?
5
Evaluate -5 + (4 - 4) + 3.
-2
Calculate (1 - (5 + -4)) + -2.
-2
(3 - (3 - 1)) + -5 + 7
3
Calculate (0 - (7 - (0 - -1))) + 5.
-1
What is the value of -2 + -11 + 19 - 9?
-3
What is -5 - (-1 - (8 - 2)) - 2?
0
What is (0 - -9) + (-10 - -6)?
5
Evaluate -2 - (2 - 4 - (-5 + 1)).
-4
-171 + 176 + (-7 - 1)
-3
(-3 + 7 - 10) + 3
-3
Evaluate 6 + (-15 + 17 - (8 + -1)).
1
What is the value of 9 + 3 + (3 - (-9 - -16))?
8
What is 0 + (-13 - -8) - -14?
9
-9 + 10 + 1 + 2
4
Evaluate 18 + 0 - 19 - (0 - 0).
-1
What is the value of 6 + (0 + -10 + 4 - -2)?
2
4 + (-5 - (1 + -1)) + -5
-6
0 - (0 - (-4 - -4) - 4)
4
What is the value of 7 - 1 - ((12 - -4) + -3)?
-7
What is (2 - 7 - (-1 + 0)) + 2?
-2
What is the value of -10 + (3 - -2) + 1 - -2?
-2
Calculate (-8 - 10 - -10) + 18.
10
-5 + 2 + (-6 - (-3 - 9))
3
Evaluate 5 + (1 - (-3 - 0 - -6)).
3
Calculate -10 + -3 - -19 - (3 - 0).
3
Evaluate -2 + -1 - ((-13 - -14) + -7).
3
Calculate 19 + 12 + -14 + -7.
10
-4 + 3 + -3 + -2
-6
What is -121 + 125 + (2 - 0)?
6
Calculate -5 + (-4 - -5 - -1).
-3
(-1 - (4 - (-4 + 6))) + 3
0
Evaluate -22 - (-12 + -5 + 3).
-8
Evaluate -2 + 2 + (12 - 14).
-2
What is -3 + (-4 - -2 - -6) + -10?
-9
2 + 3 + -9 + 3
-1
Evaluate 0 - (-1 + 2) - 3.
-4
-5 - (41 - 36 - (13 + 1))
4
Calculate -1 + -5 + 10 + -5.
-1
What is (5 - 1) + 6 + -15 + 5?
0
What is the value of (30 - 13) + -1 + -10?
6
What is the value of -7 + (-2 + 2 + 2 - 0)?
-5
Calculate 2 + -6 - (0 + -4).
0
What is 20 + -25 + 3 + -1?
-3
What is -7 + -10 + 9 + 1?
-7
Calculate -4 + 5 + -3 + -1 - -2.
-1
What is 2 + 2 + (-6 - -7)?
5
(2 - 0) + 2 + -1
3
What is (11 - 4) + (1 - 1 - 5)?
2
-8 + -2 + 3 + (4 - 0)
-3
Calculate -5 - (1 - (-2 + 5)).
-3
Calculate (2 - -7) + (-48 - -41).
2
What is the value of (-4 - 0) + 10 + -9?
-3
Evaluate 4 - ((-8 - 5) + 10).
7
What is the value of (0 - -2) + -1 + -3 + 2?
0
What is 3 + -2 + -2 + (7 - 14)?
-8
Calculate 16 - 18 - (-3 - -1 - 0).
0
-4 + -3 + (5 - 0)
-2
What is 3 + 3 + 0 + -4 + 0?
2
What is 0 + 4 + 1 + 0?
5
What is the value of -18 + 26 - ((5 - 1) + -1)?
5
Calculate 2 + 2 - -1 - (-1 + 4).
2
Evaluate (2 - -6) + -5 + (-1 - 7).
-5
What is 10 + (-9 - -1) + 0?
2
-2 + 4 - ((-9 - -16) + 0)
-5
Calculate (-3 - 1) + (-26 - -26).
-4
Evaluate 3 - (-4 + (0 + -3 - -6)).
4
-5 + (5 - 6) + -1 + 2
-5
-5 - 2 - (5 + (-3 - 1))
-8
What is the value of 7 + (-3 - -1) + -1 + 1?
5
(3 + 3 - -1) + -3 + -4
0
Evaluate (5 - -1) + -5 - -2.
3
(-3 + -2 - -3) + 1 + -4
-5
Calculate 2 - 5 - -1 - (1 - 0).
-3
Calculate 3 + -1 + (-3 - -1) + 6.
6
Evaluate (-11 - -4) + -3 + 6.
-4
What is -3 - (-5 + (5 - 3))?
0
Evaluate -3 + -1 + (-3 - (-2 - 1)).
-4
(-1 + 13 - (10 + -4)) + -13
-7
What is the value of 2 + 6 + (-2 - (-1 + -2))?
9
5 + (-3 - -3) + 2
7
Calculate (11 - 3) + -17 + 10.
1
-12 + 4 + (0 - -3)
-5
Calculate -2 + 0 - 3 - -2.
-3
-2 + 0 + (5 - -1) - 3
1
Evaluate -2 + 8 - 12 - -6.
0
What is (6 - (14 - 10)) + 1 + 1?
4
Calculate 2 - (-4 - ((-13 - -6) + 5)).
4
Evaluate -1 - (3 - 1) - (-6 + 0).
3
Evaluate 1 - ((-6 - 0) + -5 + 8).
4
Evaluate 0 - (-3 + 0 + -4 + 11).
-4
What is the value of 1 - (4 + (5 - 7) + -11)?
10
Evaluate -1 - (3 - (-2 + 10)).
4
Calculate -1 - 6 - -5 - (1 - 4).
1
What is (-1 - -1) + -103 + 107?
4
Calculate -4 - (-8 - -5) - 1.
-2
Calculate -1 - (-7 - (5 + -4 - 2)).
5
What is 1 + -4 + 2 + (-7 - -2)?
-6
What is (8 - (0 - -8)) + 1?
1
What is the value of -6 - ((4 - 2) + 1 + -4)?
-5
Calculate 8 - (-14 + 17 - (-4 + 2)).
3
Calculate 1 - (-3 + 0 + 9).
-5
Evaluate (0 - 3) + 2 - -5.
4
What is 5 + -10 + (6 - 5)?
-4
5 - 0 - (-8 + 10)
3
What is the value of -2 + 1 + (8 - (5 + 4))?
-2
Calculate -6 + (8 - 4) - 0.
-2
2 - (2 + -5 - -2)
3
What is 2 + 11 + -7 + -1?
5
Calculate 7 - (-8 + 5 - -4 - -2).
4
Calculate 7 - (8 + (-3 - 1)) - -2.
5
Evaluate 2 + (-7 + 8 - (1 + -1)).
3
What is -4 + (-11 - -7) + 13?
5
What is the value of 45 + -46 - (6 - 2) - -3?
-2
Calculate (-7 - -3) + (7 - 3).
0
Evaluate 6 + -2 - 5 - -2 - 1.
0
Evaluate 5 + -3 + 3 + (-10 - -3).
-2
Calculate -10 - ((-3 - -6) + -9).
-4
What is the value of (1 - (1 + 1)) + (28 - 19)?
8
Calculate (-9 - -7 - -3) + 3.
4
(-2 - (4 + -5)) + -1 + -3
-5
What is 6 + -4 - (3 + -2 + -4)?
5
Calculate -3 - 4 - (8 + -9).
-6
Evaluate -1 + (10 - 6) - 2.
1
What is 8 + -4 + -6 + 3?
1
3 + -1 - (-5 + 2 + 10)
-5
What is (-3 - (1 + -7)) + -4?
-1
Evaluate -4 - (-7 + 0 + 9).
-6
Calculate (2 - 2) + (4 - (-9 + 5)).
8
What is the value of 90 + -95 - (0 + -11) - 5?
1
What is (2 - 0) + (-8 - -3) + 7?
4
7 - -6 - (-10 - -21)
2
What is (-104 - -104) + (-1 - -1) + 5?
5
Evaluate (-2 - (0 - -1)) + 3.
0
Calculate 6 - ((3 - -14) + -7).
-4
What is the value of 6 + (4 + -7 - -4) + -8?
-1
Evaluate (8 + 0 - 12) + 8.
4
What is -2 - (3 + -8) - 5?
-2
What is the value of 3 - ((0 - (1 + 0)) + 2)?
2
Evaluate -56 + 43 + 1 + 14.
2
What is the value of -3 + 6 - 0 - 4?
-1
Evaluate -3 + (11 + 1 - (17 + -13)).
5
Calculate 5 + (-10 - -4) - 4.
-5
1 - -2 - (-46 - -50)
-1
Evaluate (-3 - -1 - -3) + 0 + -2.
-1
What is (-1 - 4) + -2 - 0?
-7
What is the value of 0 + 3 - (1 + -2) - 0?
4
What is the value of 0 + 0 + 7 + -1 + 0?
6
What is (-6 + 3 - 0) + 5?
2
Calculate 11 + (3 + -11 - -7).
10
Evaluate -6 + (3 - (2 - -1) - -5).
-1
What is the value of (-26 - -25) + (1 - -2) + -2?
0
What is -8 - (-7 - (8 - 12))?
-5
Calculate (-8 - -5) + (5 - 2) + 3.
3
Evaluate 22 + -24 + (14 - 4).
8
(31 - 15) + -5 + -6
5
2 + 3 + (-1 - -6) + -5
5
Evaluate -2 - ((2 - 13) + 6).
3
Calculate -4 + (3 + -2 - (1 + -1)).
-3
Evaluate 18 + -11 + -3 + 0 + 1.
5
What is the value of 8 + -5 - 5 - (-4 - 0)?
2
Calculate 0 + -10 + 2 + 4.
-4
What is 6 - ((0 - -4) + 5)?
-3
What is 1 + -5 - (-16 + -6 + 13)?
5
What is -3 + -1 - (-9 + -7 + 10)?
2
Evaluate 25 - 37 - (-2 - 15).
5
What is the value of 2 + -2 + -2 + 9 + -10?
-3
(0 - -3) + (-21 - -19)
1
Calculate 1 - -10 - (-64 - -76).
-1
What is -3 + -6 + 1 - -5?
-3
Calculate -5 - (-1 - -3 - (10 + -7)).
-4
Calculate -2 + 1 - (11 + -4 + -4).
-4
What is the value of -2 - 10 - (-4 + -3)?
-5
(57 - 53) + -3 + 1 + 4
6
What is the value of 11 + -8 + (0 - 5)?
-2
What is -6 - 0 - -8 - (3 + 3)?
-4
Evaluate 1 + 3 + -8 + 6 + 0.
2
Calculate 7 + (-2 - (5 + -4)).
4
What is 11 + -3 - 4 - -1?
5
-17 + 12 + -10 + 8
-7
Evaluate (0 - (-3 - -1)) + 1.
3
2 + 1 + -9 + 9 + -2
1
-6 + (4 - (1 - 2))
-1
What is the value of -25 + 21 + (0 - -5)?
1
Evaluate 8 + 12 + -9 + -2.
9
Evaluate 13 + 8 + -11 - 12.
-2
Calculate -6 - ((8 - 16) + 6).
-4
What is -3 + -3 + 2 + (2 - 3)?
-5
What is the value of 24 + -12 + -12 + (-1 - -1)?
0
What is the value of 5 + -1 - (2 + (-8 - -7))?
3
-13 - -17 - (1 - -7)
-4
What is 2 + -5 + 2 + -3?
-4
Evaluate (-3 - (-9 + 3)) + 2.
5
Calculate (0 + 4 - 9) + 3.
-2
-7 + (-9 - -7) + 5 + -2
-6
What is -1 + (1 - 1 - -2)?
1
Calculate -1 + 6 + (-3 + 6 - 4).
4
-6 + 13 - (5 - -1)
1
What is the value of -2 + (4 - 4) - 1?
-3
Evaluate 20 + (-14 - -10 - 9).
7
0 - -1 - (4 + -2 + -3)
2
-13 + 9 + (2 - -3)
1
Evaluate (-11 - -3) + (-4 + 11 - 4).
-5
27 + -20 - (-3 + 5)
5
Evaluate 4 + -2 + -6 + 7.
3
(-1 - 4) + (6 - 1) - 0
0
Calculate -9 - (-14 - (2 + -9)).
-2
What is the value of 3 + 5 + -10 + 2?
0
What is the value of 0 + (3 + 0 - 5)?
-2
What is the value of -1 + 1 + 4 - 10?
-6
What is -4 - 1 - (-16 + 14)?
-3
Evaluate 1 + (-18 + 16 - 